*z + c - 13. Calculate the greatest common factor of z and 28.
7
Let d = -75 + 111. What is the highest common divisor of d and 4?
4
Suppose 3*x = -4*t - 51, 4*t + 34 = 2*x + 88. Let n = x + 23. Suppose -5*b + l + 15 = -b, 5*b - 5*l = 0. Calculate the highest common factor of b and n.
1
Let k = -13 + 15. Suppose c + k = 6. What is the highest common factor of c and 6?
2
Let q be (0 - ((-15)/6 + 2))*484. What is the greatest common factor of q and 22?
22
Let v(j) = -2*j + 13. Let z be v(6). What is the greatest common factor of 1 and z?
1
Let z be (-76)/(-18) + (-36)/162. Calculate the greatest common divisor of 12 and z.
4
Let f = -2 + 4. Let z(k) = 2*k + 3*k + 3*k - 3 + k**3 + 9*k**f. Let m be z(-6). Calculate the highest common divisor of 19 and m.
19
Suppose -2*n + 5*y + 416 = 4*y, 3*n - 2*y - 623 = 0. Let p(c) = 6*c**2 - 4*c + 3. Let s be p(2). Calculate the highest common divisor of n and s.
19
Suppose 3*o - 30 = -3*d, 6*d - d - 5*o - 70 = 0. Suppose 4*t - 8 = d. What is the greatest common divisor of 55 and t?
5
Let n be (-60)/(-16) - (-1)/4. Suppose 0 = n*q - 6 - 2. What is the greatest common divisor of 5 and q?
1
Suppose 0 = p + 4*f - 17, -4*p - 3*f - 40 = -108. What is the greatest common factor of 153 and p?
17
Let r(k) = -k - 1. Let o be r(-1). Suppose -22*s + 19*s = -912. Suppose o = 3*f + f - s. Calculate the greatest common divisor of 19 and f.
19
Suppose -8*q - 320 = -12*q. What is the highest common divisor of q and 20?
20
Let d be (-3)/(-6)*26*2. Let q = d + -16. Calculate the greatest common factor of 30 and q.
10
Let v be ((-2)/2)/((-2)/18). Suppose -71 + 27 = -4*d. Suppose -5*t + 3*m = -d, m - 4 = -5*t - 1. What is the greatest common divisor of t and v?
1
Let c(a) = -27*a**2 + a. Let r be c(1). Let w = 59 + r. Calculate the greatest common factor of w and 11.
11
Let k be 3*56*2/3. Let c(f) = -f**2 - 6*f - 1. Let m be c(-5). Let u be (m/(-6))/((-3)/63). Calculate the greatest common factor of u and k.
14
Suppose -2*h - 2 = 0, 69 + 12 = 4*b - 5*h. Let l(f) = -11*f**2 + f + 1. Let r be l(-1). Let o = b + r. What is the greatest common factor of o and 8?
8
Let c be (2 - 4) + 36 - 4. Calculate the highest common factor of 240 and c.
30
Let p(t) = 7*t**3 + t**2 + t + 1. Let r be p(2). Let y = -3 + 10. Calculate the greatest common divisor of r and y.
7
Let y be 2*(-3)/(-6) + 1. Let f be (y - 1) + 0 + 3. Suppose u + 2*u - b - f = 0, 5*u - 3*b = 0. Calculate the greatest common factor of 2 and u.
1
Let o be ((-6)/9)/(2/(-51)). Let g = 1 - -3. Suppose -179 = g*j - 723. Calculate the greatest common divisor of o and j.
17
Suppose o + 59 = 74. Calculate the highest common divisor of 10 and o.
5
Suppose 3*h - 82 = -28. Let k be (1 + 1)/(3 + -2). What is the greatest common factor of k and h?
2
Let x = -4 + 44. What is the greatest common divisor of x and 20?
20
Let b be 236/10 + (-2)/(-5). Let r be (-166)/8 - 1/4. Let d = r + 37. Calculate the highest common divisor of b and d.
8
Let r(o) = -6*o**3 + 13*o**2 + o - 7. Let x(b) = -b**3 + b**2 + b - 1. Let y(m) = r(m) - 5*x(m). Let d be y(7). Calculate the highest common factor of 57 and d.
19
Let n(i) = -1 + 8*i - 4*i + 6*i. Let z be n(4). Calculate the greatest common divisor of 13 and z.
13
Suppose 5*a + 35 = 10*a. What is the highest common divisor of a and 56?
7
Suppose 3*s = -2*o + 83, -2*s + 72 = -3*o + 21. Calculate the highest common divisor of 81 and s.
27
Suppose 6*p + 18 = 2*p - 3*m, 3*m + 6 = 0. Let x be (1/p)/(1/(-3)). Calculate the greatest common divisor of 5 and x.
1
Suppose 0 = 4*h, -2*o - h = 2*h - 38. Let u be (-2)/(-8) + 450/24. What is the highest common divisor of u and o?
19
Suppose x - 2*w = 3*x - 16, 5*w = 5*x - 80. Suppose v + 0*v = 27. Suppose -5*t + 0*t = j - v, -12 = -2*j + 4*t. What is the greatest common factor of j and x?
12
Suppose 3*p + p = 0. Let d = p - -11. Suppose -d = 3*y - 38. What is the highest common divisor of y and 6?
3
Let r = -4 - -6. Suppose -r + 1 = h. Let z be (1 - (1 - h)) + 11. Calculate the greatest common factor of 25 and z.
5
Let m(s) = -16*s - 1. Let p = 28 + -45. Let c(l) = 47*l + 2. Let g(k) = p*m(k) - 6*c(k). Let r be g(-4). What is the greatest common factor of 9 and r?
9
Let v(g) = -g**2 - 4*g + 4. Let r be v(-5). Let o be 18 + -2 - (-3 - r). Let q = -11 + 38. What is the greatest common divisor of q and o?
9
Let v(z) = -7*z**2 - 3*z + 7. Let n(s) = s**2 - s - 1. Let r(g) = 6*n(g) + v(g). Let b be r(-5). Calculate the greatest common factor of 168 and b.
21
Let a be (5*-1)/(10/(-12)). What is the highest common factor of a and 30?
6
Suppose a + a = 8. Suppose y = a*y. Suppose -v + 4*v - 54 = y. Calculate the greatest common factor of 72 and v.
18
Let d = -31 - -60. Let i = d + -21. Suppose -5*f + 313 = -7. Calculate the highest common divisor of i and f.
8
Suppose 0 = -c - 2*l + 19, 7 + 12 = c + 3*l. What is the greatest common factor of c and 209?
19
Let p(w) = -w**3 - 9*w**2 + 7*w + 4. Let a be p(-10). Let k(c) = c**2 + 4*c + 8. Let i be k(-11). Calculate the greatest common factor of a and i.
17
Let j = 16 + -11. Calculate the greatest common divisor of 45 and j.
5
Let v(s) = 14*s - 2. Let d be v(-4). Let q = 303 - 209. Let w = d + q. Calculate the greatest common factor of 12 and w.
12
Let d be (-156)/(-7) + (-12)/42. Let h = d - 15. What is the greatest common factor of 7 and h?
7
Let p(j) = 13*j - 12. Let w be p(3). What is the greatest common factor of 9 and w?
9
Suppose -2*l + 3*l = b - 527, l - 2113 = -4*b. Calculate the greatest common divisor of 48 and b.
48
Let l = 22 + -3. Suppose y = d - 156, -3*y = 5*d - 0*d - 748. What is the highest common divisor of d and l?
19
Let y(z) = z - 5. Let h(v) = -v**3 + v**2 + 2*v + 1. Let b be h(-2). Let t be y(b). What is the greatest common factor of 28 and t?
4
Let l be (-1)/4 - 621/(-4). Suppose 4*d + 5*s - l = -15, -d + 18 = -3*s. What is the greatest common divisor of d and 30?
30
Let b = 3 + 1. What is the greatest common divisor of b and 6?
2
Let z(o) = 39*o - 30. Let t be z(2). Suppose -j + 16 = -0*j. Calculate the highest common divisor of j and t.
16
Suppose 3*d + 3*n + 30 = -2*d, 18 = -3*d + 3*n. Let q(o) = 2*o**2 - 5*o - 3. Let m be q(d). What is the greatest common factor of m and 11?
11
Suppose -1 + 11 = 5*c. Suppose 19*j = 27*j - 40. Calculate the greatest common factor of j and c.
1
Let u be (-20)/(((-1)/4)/1). Suppose -4*x + 2*x = -u. Suppose 15 = 4*o - o. Calculate the highest common divisor of x and o.
5
Suppose 85*d - 83*d = 24. What is the greatest common factor of d and 156?
12
Let a(l) be the second derivative of l**3/2 - 11*l**2/2 + 4*l. Let s be a(11). Calculate the greatest common divisor of s and 88.
22
Let n be (-2 + -2)*(-3)/(-4). Let j = n - -6. Suppose -j*i + 0 = -33. Calculate the highest common factor of 77 and i.
11
Let o = -30 + 19. Let a = 22 + -1. Let c = o + a. What is the highest common divisor of c and 25?
5
Suppose 2*j + 16 = -2*j. Let v be j/(-18) + 372/27. What is the highest common factor of v and 98?
14
Suppose -2*b = -3*b + 1. Let c be (b/(-2))/((-3)/96). Suppose 3*u = c + 17. What is the greatest common factor of u and 99?
11
Let q = 21 + -5. What is the greatest common divisor of 48 and q?
16
Let a(z) = z**2 - z + 55. Let i be a(0). Suppose 0 = -5*r + 15 - 5. Suppose b + r*k = 5, 3*b - 15 = 3*k - 2*k. Calculate the greatest common factor of b and i.
5
Let m(p) = -6*p - 1. Let z be m(-1). Suppose z*i - 88 = i. Suppose 20 = 4*f, -2*f + 325 = 3*t - 3*f. What is the highest common factor of t and i?
22
Let s be (-1182)/(-21) - 8/28. Suppose 2*u - s = 34. Suppose 0*w = -3*w + u. What is the greatest common factor of 165 and w?
15
Let g(b) = b**3 - 6*b**2 + b + 8. Let u be g(7). Suppose -4*l = -50 + 18. Calculate the greatest common divisor of u and l.
8
Let w = 4 - 3. Let k(z) = 5*z - w - z - 2*z. Let g be k(4). Calculate the greatest common divisor of g and 1.
1
Let i be 0 + (-6)/(-3 - 0). What is the greatest common factor of 10 and i?
2
Let m = 5 + -1. Suppose -m*y = -2*y. Suppose -2*n + x - 7 = -24, y = -n - x + 1. Calculate the highest common factor of 12 and n.
6
Let b = 17 + -13. Suppose -t = b*q - 481, q - 124 = 3*t - 7*t. What is the highest common divisor of q and 48?
24
Let i be (-2)/7 - (-128)/56. Suppose -i*c - 10 = -4